{"id":2132,"date":"2024-10-28T17:03:25","date_gmt":"2024-10-28T17:03:25","guid":{"rendered":"https:\/\/clementebeltran.com\/?post_type=property&#038;p=2132"},"modified":"2025-04-24T15:47:13","modified_gmt":"2025-04-24T15:47:13","slug":"calma-mijas-una-promocion-de-viviendas-en-un-enclave-ideal-donde-vivir-son-unas-vacaciones-continuas","status":"publish","type":"property","link":"https:\/\/clementebeltran.com\/es_es\/propiedad\/calma-mijas-una-promocion-de-viviendas-en-un-enclave-ideal-donde-vivir-son-unas-vacaciones-continuas\/","title":{"rendered":"CALMA MIJAS una promoci\u00f3n de viviendas en un enclave ideal, donde vivir son unas vacaciones continuas."},"content":{"rendered":"<p>48 viviendas \u00a0en la Cala de Mijas de 2 y 3 dormitorios, plaza de aparcamiento y trastero, piscina y gimnasio, ubicado en una peque\u00f1a localidad de antigua cultura pesquera, con gentes amables, amplia y bonita playa, largo sendero litoral donde caminar junto al mar es una delicia<\/p>\n<p>La facilidad de poder ir andando desde Calma a sus sitios preferidos en el pueblo, lo convierte en un referente y \u00a0lugar perfecto para disfrutar toda familia. Vengase a Calma.<\/p>\n","protected":false},"excerpt":{"rendered":"<p>48 viviendas \u00a0en la Cala de Mijas de 2 y 3 dormitorios, plaza de aparcamiento y trastero, piscina y gimnasio, ubicado en una peque\u00f1a localidad de antigua cultura pesquera, con gentes amables, amplia y bonita playa, largo sendero litoral donde caminar junto al mar es una delicia La facilidad de poder ir andando desde Calma [&hellip;]<\/p>\n","protected":false},"author":3,"featured_media":2202,"parent":0,"menu_order":0,"template":"","property_type":[19],"property_status":[136,32],"property_feature":[47,48,49,51,52,54,55,57,58,45,44,60,61,62,64,43,46],"property_label":[87,105,83,82,88,89,81,84,101,104,94,110,102],"property_country":[65],"property_state":[11],"property_city":[37],"property_area":[],"class_list":["post-2132","property","type-property","status-publish","has-post-thumbnail","hentry","property_type-piso","property_status-destacado","property_status-nueva-promocion","property_feature-aire-acond-cent","property_feature-armarios-empotrados","property_feature-ascensor","property_feature-bomba-frio-calor","property_feature-calefaccion","property_feature-gimnasio","property_feature-jardin","property_feature-luminoso","property_feature-mirador","property_feature-parking","property_feature-patio","property_feature-pergola","property_feature-piscina-comunitaria","property_feature-puerta-blindada","property_feature-solarium-2","property_feature-terraza","property_feature-trastero","property_label-barbacoa","property_label-chill-out","property_label-inversion","property_label-malaga","property_label-patio","property_label-piscina","property_label-piso","property_label-precio","property_label-sala-gourmet","property_label-terraza","property_label-urbanizacion","property_label-vistas-al-mar","property_label-zonas-verdes","property_country-espana","property_state-disponible","property_city-rincon-de-la-victoria"],"property_meta":{"_edit_lock":["1745509589:3"],"_edit_last":["3"],"_thumbnail_id":["2202"],"_wp_page_template":["default"],"fave_property_map":["1"],"fave_property_map_address":["Cala de Mijas, Bulevar de La Cala, La Cala de Mijas, La Cala, Mijas, Costa del Sol Occidental, M\u00e1laga, Andaluc\u00eda, 29648, Espa\u00f1a"],"fave_property_location":["36.51220588149,-4.6849963599589,15"],"houzez_geolocation_lat":["36.51220588149"],"houzez_geolocation_long":["-4.6849963599589"],"fave_property_map_street_view":["hide"],"fave_featured":["0"],"fave_loggedintoview":["0"],"fave_agent_display_option":["author_info"],"fave_prop_homeslider":["no"],"fave_single_top_area":["global"],"fave_single_content_area":["global"],"houzez_manual_expire":["0"],"_houzez_expiration_date_status":["saved"],"houzez_total_property_views":["1356"],"houzez_views_by_date":["a:61:{s:10:\"02-27-2026\";i:2;s:10:\"02-28-2026\";i:2;s:10:\"03-01-2026\";i:6;s:10:\"03-02-2026\";i:1;s:10:\"03-03-2026\";i:5;s:10:\"03-04-2026\";i:13;s:10:\"03-05-2026\";i:5;s:10:\"03-06-2026\";i:2;s:10:\"03-07-2026\";i:2;s:10:\"03-08-2026\";i:11;s:10:\"03-09-2026\";i:1;s:10:\"03-11-2026\";i:2;s:10:\"03-12-2026\";i:3;s:10:\"03-13-2026\";i:3;s:10:\"03-14-2026\";i:8;s:10:\"03-15-2026\";i:4;s:10:\"03-16-2026\";i:6;s:10:\"03-17-2026\";i:3;s:10:\"03-18-2026\";i:1;s:10:\"03-19-2026\";i:1;s:10:\"03-20-2026\";i:1;s:10:\"03-21-2026\";i:6;s:10:\"03-22-2026\";i:3;s:10:\"03-23-2026\";i:5;s:10:\"03-24-2026\";i:4;s:10:\"03-25-2026\";i:6;s:10:\"03-26-2026\";i:6;s:10:\"03-27-2026\";i:2;s:10:\"03-28-2026\";i:6;s:10:\"03-29-2026\";i:7;s:10:\"03-30-2026\";i:2;s:10:\"03-31-2026\";i:3;s:10:\"04-01-2026\";i:2;s:10:\"04-02-2026\";i:1;s:10:\"04-03-2026\";i:4;s:10:\"04-05-2026\";i:1;s:10:\"04-07-2026\";i:3;s:10:\"04-08-2026\";i:1;s:10:\"04-09-2026\";i:6;s:10:\"04-10-2026\";i:2;s:10:\"04-11-2026\";i:4;s:10:\"04-12-2026\";i:3;s:10:\"04-13-2026\";i:3;s:10:\"04-14-2026\";i:3;s:10:\"04-15-2026\";i:5;s:10:\"04-16-2026\";i:2;s:10:\"04-17-2026\";i:3;s:10:\"04-18-2026\";i:4;s:10:\"04-19-2026\";i:7;s:10:\"04-20-2026\";i:4;s:10:\"04-21-2026\";i:4;s:10:\"04-22-2026\";i:2;s:10:\"04-23-2026\";i:4;s:10:\"04-24-2026\";i:2;s:10:\"04-25-2026\";i:5;s:10:\"04-26-2026\";i:4;s:10:\"04-27-2026\";i:5;s:10:\"04-28-2026\";i:5;s:10:\"04-29-2026\";i:4;s:10:\"04-30-2026\";i:2;s:10:\"05-01-2026\";i:3;}"],"houzez_recently_viewed":["2026-05-01 01:59:00"],"_trp_automatically_translated_slug_en_GB":["calma-mijas-a-housing-development-in-an-ideal-enclave-where-living-is-a-continuous-holiday"],"fave_property_images":["2196","2197","2198","2199","2200","2201","2202","2203","2204","2205","2206","2207","2208","2209","2210","2211","2212","2213","2214","2215","2216","2217","2218","2219"],"rank_math_internal_links_processed":["1"]},"_links":{"self":[{"href":"https:\/\/clementebeltran.com\/es_es\/wp-json\/wp\/v2\/properties\/2132","targetHints":{"allow":["GET"]}}],"collection":[{"href":"https:\/\/clementebeltran.com\/es_es\/wp-json\/wp\/v2\/properties"}],"about":[{"href":"https:\/\/clementebeltran.com\/es_es\/wp-json\/wp\/v2\/types\/property"}],"author":[{"embeddable":true,"href":"https:\/\/clementebeltran.com\/es_es\/wp-json\/wp\/v2\/users\/3"}],"version-history":[{"count":1,"href":"https:\/\/clementebeltran.com\/es_es\/wp-json\/wp\/v2\/properties\/2132\/revisions"}],"predecessor-version":[{"id":2220,"href":"https:\/\/clementebeltran.com\/es_es\/wp-json\/wp\/v2\/properties\/2132\/revisions\/2220"}],"wp:featuredmedia":[{"embeddable":true,"href":"https:\/\/clementebeltran.com\/es_es\/wp-json\/wp\/v2\/media\/2202"}],"wp:attachment":[{"href":"https:\/\/clementebeltran.com\/es_es\/wp-json\/wp\/v2\/media?parent=2132"}],"wp:term":[{"taxonomy":"property_type","embeddable":true,"href":"https:\/\/clementebeltran.com\/es_es\/wp-json\/wp\/v2\/property_type?post=2132"},{"taxonomy":"property_status","embeddable":true,"href":"https:\/\/clementebeltran.com\/es_es\/wp-json\/wp\/v2\/property_status?post=2132"},{"taxonomy":"property_feature","embeddable":true,"href":"https:\/\/clementebeltran.com\/es_es\/wp-json\/wp\/v2\/property_feature?post=2132"},{"taxonomy":"property_label","embeddable":true,"href":"https:\/\/clementebeltran.com\/es_es\/wp-json\/wp\/v2\/property_label?post=2132"},{"taxonomy":"property_country","embeddable":true,"href":"https:\/\/clementebeltran.com\/es_es\/wp-json\/wp\/v2\/property_country?post=2132"},{"taxonomy":"property_state","embeddable":true,"href":"https:\/\/clementebeltran.com\/es_es\/wp-json\/wp\/v2\/property_state?post=2132"},{"taxonomy":"property_city","embeddable":true,"href":"https:\/\/clementebeltran.com\/es_es\/wp-json\/wp\/v2\/property_city?post=2132"},{"taxonomy":"property_area","embeddable":true,"href":"https:\/\/clementebeltran.com\/es_es\/wp-json\/wp\/v2\/property_area?post=2132"}],"curies":[{"name":"wp","href":"https:\/\/api.w.org\/{rel}","templated":true}]}}

CALMA MIJAS una promoción de viviendas en un enclave ideal, donde vivir son unas vacaciones continuas.

<p>48 viviendas  en la Cala de Mijas de 2 y 3 dormitorios, plaza de aparcamiento y trastero, piscina y gimnasio, ubicado en una pequeña localidad de antigua cultura pesquera, con gentes amables, amplia y bonita playa, largo sendero litoral donde caminar junto al mar es una delicia</p>
<p>La facilidad de poder ir andando desde Calma a sus sitios preferidos en el pueblo, lo convierte en un referente y  lugar perfecto para disfrutar toda familia. Vengase a Calma.</p>

<p>48 viviendas  en la Cala de Mijas de 2 y 3 dormitorios, plaza de aparcamiento y trastero, piscina y gimnasio, ubicado en una pequeña localidad de antigua cultura pesquera, con gentes amables, amplia y bonita playa, largo sendero litoral donde caminar junto al mar es una delicia La facilidad de poder ir andando desde Calma [&hellip;]</p>

Cala de Mijas, Bulevar de La Cala, La Cala de Mijas, La Cala, Mijas, Costa del Sol Occidental, Málaga, Andalucía, 29648, España
