{"id":1881,"date":"2024-09-17T15:39:37","date_gmt":"2024-09-17T15:39:37","guid":{"rendered":"https:\/\/clementebeltran.com\/?post_type=property&#038;p=1881"},"modified":"2024-09-17T15:39:37","modified_gmt":"2024-09-17T15:39:37","slug":"chalet-independiente-de-dos-plantas-con-900m-de-parcela","status":"publish","type":"property","link":"https:\/\/clementebeltran.com\/es_es\/propiedad\/chalet-independiente-de-dos-plantas-con-900m-de-parcela\/","title":{"rendered":"CHALET INDEPENDIENTE DE DOS PLANTAS CON 900m DE PARCELA"},"content":{"rendered":"<p><button class=\"btncopy\" data-clipboard-action=\"copy\" data-clipboard-target=\"#descrippropiedad\" data-tooltip=\"Copia descripci\u00f3n\">CHALET INDEPENDIENTE DE DOS PLANTAS CON 900m DE PARCELA<\/button><\/p>\n<p><span class=\"inicioDescripcion\">Te presentamos en exclusiva amplio chalet independiente de dos plantas en la Urbanizaci\u00f3n Cortijo de Mazas, M\u00e1laga. Cuenta con 885 m2 de parcela, vistas parciales al mar y la monta\u00f1a. Espacioso y agradable jard\u00edn con piscina privada.<\/p>\n<p>La vivienda interiormente se encuentra en muy buen estado y se distribuye:<\/p>\n<p>Sal\u00f3n con techo alto, chimenea y aire acondicionado, con acceso a la cocina, y terraza superior con vistas despejadas 360\u00ba y un porche con mesa exterior.<\/p>\n<p>La cocina, moderna, es amplia y completamente equipada, con lavavajilla, horno, microondas, vitrocer\u00e1mica, extractor y nevera. Todo en buen estado y perfecto funcionamiento. Consta de muebles profundos con mucho almacenamiento. Ventana y puerta independiente al exterior y acceso al porche y terraza supe<\/span><span class=\"finDescripcion\">rior.<\/p>\n<p>En la planta baja nos encontramos hall distribuidor, con 3 dormitorio dobles todos con armarios empotrados y 2 ba\u00f1os completos con plato de ducha, uno de ellos, en-suite y 1 habitaci\u00f3n de almacenaje. Todas las habitaciones son exteriores y la principal con acceso directo a la terraza inferior.<\/p>\n<p>La zona exterior:<\/p>\n<p>Hay acceso mediante unas escaleras a un sol\u00e1rium donde se aprecian vistas parciales al mar y vistas a la monta\u00f1a. Cuenta con 2 accesos el principal y otro por la cocina.<\/p>\n<p>Amplio porche y jard\u00edn con diferentes \u00e1rboles, zona de barbacoa, piscina privada y zona de lavadero. Adem\u00e1s 2 garajes cerrados con VADO.<\/p>\n<p>Se trata de una urbanizaci\u00f3n residencial de nivel alto, en la que se ubican dos Colegios. Pr\u00f3xima a todos los servicios, centros comerciales (Carrefour Los Patios, Corte Ingl\u00e9s Bah\u00eda M\u00e1laga o Torremolinos), supermercados (como Mercadora, D\u00eda, Lidl, etc.), centros de ocio ( Plaza Mayor), aeropuerto, dos campos de golf y por supuesto la playa, todo esto lo podemos encontrar en un radio de tan solo dos kil\u00f3metros.<\/p>\n<p>No pierdas la oportunidad de adquirir esta maravillosa propiedad y disfrutar de la comodidad y el confort que te ofrece. \u00a1Cont\u00e1ctanos para m\u00e1s informaci\u00f3n!<\/p>\n<p>En cumplimiento con el Decreto de la Junta de Andaluc\u00eda 218\/2005 del 11 de octubre, se informa al cliente que los gastos inherentes a la compra-venta: gastos notariales, registrales e ITP no est\u00e1n incluidos en el precio.<\/span><\/p>\n","protected":false},"excerpt":{"rendered":"<p>CHALET INDEPENDIENTE DE DOS PLANTAS CON 900m DE PARCELA Te presentamos en exclusiva amplio chalet independiente de dos plantas en la Urbanizaci\u00f3n Cortijo de Mazas, M\u00e1laga. Cuenta con 885 m2 de parcela, vistas parciales al mar y la monta\u00f1a. Espacioso y agradable jard\u00edn con piscina privada. La vivienda interiormente se encuentra en muy buen estado [&hellip;]<\/p>\n","protected":false},"author":3,"featured_media":1938,"parent":0,"menu_order":0,"template":"","property_type":[20],"property_status":[10],"property_feature":[],"property_label":[78,79,77],"property_country":[65],"property_state":[11],"property_city":[36],"property_area":[80],"class_list":["post-1881","property","type-property","status-publish","has-post-thumbnail","hentry","property_type-casa-chalet","property_status-venta","property_label-chalet","property_label-terreno","property_label-villa","property_country-espana","property_state-disponible","property_city-malaga","property_area-churriana"],"property_meta":{"_edit_lock":["1726588226:3"],"_edit_last":["3"],"_thumbnail_id":["1938"],"_wp_page_template":["default"],"fave_property_price":["775000"],"fave_property_size":["233"],"fave_property_size_prefix":["130"],"fave_property_land":["885"],"fave_property_bedrooms":["3"],"fave_property_bathrooms":["2"],"fave_property_garage":["2"],"fave_property_year":["1975"],"fave_property_id":["MAL-001-CB"],"fave_orientacic3b3n":["Este-Oeste"],"fave_zona":["Cortijo Maza"],"fave_tipo-de-propiedad":["Chalet"],"fave_superficie-c3batil":["130"],"fave_ciudad":["M\u00e1laga"],"fave_conservacic3b3n":["Buen Estado"],"fave_regimen":["Libre"],"fave_nc2ba-de-plantas":["2"],"fave_property_map":["1"],"fave_property_map_address":["M\u00e1laga, M\u00e1laga-Costa del Sol, M\u00e1laga, Andaluc\u00eda, Espa\u00f1a"],"fave_property_location":["36.653202621745,-4.4886029475233,15"],"houzez_geolocation_lat":["36.653202621745"],"houzez_geolocation_long":["-4.4886029475233"],"fave_property_map_street_view":["show"],"fave_property_address":["Calle del Canal"],"fave_property_zip":["29002"],"fave_featured":["0"],"fave_loggedintoview":["0"],"fave_agent_display_option":["author_info"],"fave_prop_homeslider":["no"],"fave_energy_class":["D"],"fave_single_top_area":["global"],"fave_single_content_area":["global"],"houzez_manual_expire":["0"],"_houzez_expiration_date_status":["saved"],"houzez_total_property_views":["1022"],"houzez_views_by_date":["a:61:{s:10:\"02-25-2026\";i:3;s:10:\"02-26-2026\";i:1;s:10:\"02-27-2026\";i:3;s:10:\"02-28-2026\";i:5;s:10:\"03-01-2026\";i:2;s:10:\"03-02-2026\";i:1;s:10:\"03-03-2026\";i:3;s:10:\"03-04-2026\";i:3;s:10:\"03-05-2026\";i:5;s:10:\"03-06-2026\";i:1;s:10:\"03-07-2026\";i:3;s:10:\"03-08-2026\";i:1;s:10:\"03-09-2026\";i:2;s:10:\"03-10-2026\";i:1;s:10:\"03-11-2026\";i:2;s:10:\"03-12-2026\";i:8;s:10:\"03-13-2026\";i:1;s:10:\"03-14-2026\";i:5;s:10:\"03-15-2026\";i:1;s:10:\"03-16-2026\";i:6;s:10:\"03-18-2026\";i:1;s:10:\"03-19-2026\";i:2;s:10:\"03-21-2026\";i:3;s:10:\"03-22-2026\";i:4;s:10:\"03-23-2026\";i:1;s:10:\"03-24-2026\";i:5;s:10:\"03-25-2026\";i:7;s:10:\"03-26-2026\";i:4;s:10:\"03-28-2026\";i:8;s:10:\"03-29-2026\";i:3;s:10:\"03-30-2026\";i:2;s:10:\"03-31-2026\";i:2;s:10:\"04-01-2026\";i:2;s:10:\"04-02-2026\";i:1;s:10:\"04-03-2026\";i:2;s:10:\"04-04-2026\";i:2;s:10:\"04-05-2026\";i:1;s:10:\"04-06-2026\";i:1;s:10:\"04-07-2026\";i:3;s:10:\"04-09-2026\";i:2;s:10:\"04-10-2026\";i:3;s:10:\"04-11-2026\";i:2;s:10:\"04-12-2026\";i:2;s:10:\"04-13-2026\";i:2;s:10:\"04-15-2026\";i:8;s:10:\"04-16-2026\";i:1;s:10:\"04-17-2026\";i:3;s:10:\"04-18-2026\";i:5;s:10:\"04-19-2026\";i:1;s:10:\"04-20-2026\";i:1;s:10:\"04-21-2026\";i:2;s:10:\"04-22-2026\";i:3;s:10:\"04-23-2026\";i:3;s:10:\"04-24-2026\";i:2;s:10:\"04-25-2026\";i:2;s:10:\"04-26-2026\";i:3;s:10:\"04-27-2026\";i:5;s:10:\"04-28-2026\";i:2;s:10:\"04-29-2026\";i:5;s:10:\"04-30-2026\";i:4;s:10:\"05-01-2026\";i:5;}"],"houzez_recently_viewed":["2026-05-01 03:41:29"],"fave_balcc3b3n":["Si"],"fave_terraza":["Si"],"fave_garaje-incluido":["Si"],"fave_parking-incluido":["Si"],"fave_gastos-de-comunidad":["No"],"fave_property_images":["1882","1883","1884","1885","1886","1887","1888","1889","1890","1891","1892","1893","1894","1895","1896","1897","1898","1899","1900","1901","1902","1903","1904","1905","1906","1907","1908","1909","1910","1911","1912","1913","1914","1915","1916","1917","1918","1919","1920","1921","1922","1923","1924","1925","1926","1927","1928","1929","1930","1931"],"_trp_automatically_translated_slug_en_GB":["two-storey-detached-villa-with-900m-plot-of-land"],"rank_math_internal_links_processed":["1"]},"_links":{"self":[{"href":"https:\/\/clementebeltran.com\/es_es\/wp-json\/wp\/v2\/properties\/1881","targetHints":{"allow":["GET"]}}],"collection":[{"href":"https:\/\/clementebeltran.com\/es_es\/wp-json\/wp\/v2\/properties"}],"about":[{"href":"https:\/\/clementebeltran.com\/es_es\/wp-json\/wp\/v2\/types\/property"}],"author":[{"embeddable":true,"href":"https:\/\/clementebeltran.com\/es_es\/wp-json\/wp\/v2\/users\/3"}],"version-history":[{"count":1,"href":"https:\/\/clementebeltran.com\/es_es\/wp-json\/wp\/v2\/properties\/1881\/revisions"}],"predecessor-version":[{"id":1939,"href":"https:\/\/clementebeltran.com\/es_es\/wp-json\/wp\/v2\/properties\/1881\/revisions\/1939"}],"wp:featuredmedia":[{"embeddable":true,"href":"https:\/\/clementebeltran.com\/es_es\/wp-json\/wp\/v2\/media\/1938"}],"wp:attachment":[{"href":"https:\/\/clementebeltran.com\/es_es\/wp-json\/wp\/v2\/media?parent=1881"}],"wp:term":[{"taxonomy":"property_type","embeddable":true,"href":"https:\/\/clementebeltran.com\/es_es\/wp-json\/wp\/v2\/property_type?post=1881"},{"taxonomy":"property_status","embeddable":true,"href":"https:\/\/clementebeltran.com\/es_es\/wp-json\/wp\/v2\/property_status?post=1881"},{"taxonomy":"property_feature","embeddable":true,"href":"https:\/\/clementebeltran.com\/es_es\/wp-json\/wp\/v2\/property_feature?post=1881"},{"taxonomy":"property_label","embeddable":true,"href":"https:\/\/clementebeltran.com\/es_es\/wp-json\/wp\/v2\/property_label?post=1881"},{"taxonomy":"property_country","embeddable":true,"href":"https:\/\/clementebeltran.com\/es_es\/wp-json\/wp\/v2\/property_country?post=1881"},{"taxonomy":"property_state","embeddable":true,"href":"https:\/\/clementebeltran.com\/es_es\/wp-json\/wp\/v2\/property_state?post=1881"},{"taxonomy":"property_city","embeddable":true,"href":"https:\/\/clementebeltran.com\/es_es\/wp-json\/wp\/v2\/property_city?post=1881"},{"taxonomy":"property_area","embeddable":true,"href":"https:\/\/clementebeltran.com\/es_es\/wp-json\/wp\/v2\/property_area?post=1881"}],"curies":[{"name":"wp","href":"https:\/\/api.w.org\/{rel}","templated":true}]}}

<p><button class="btncopy" data-clipboard-action="copy" data-clipboard-target="#descrippropiedad" data-tooltip="Copia descripción">CHALET INDEPENDIENTE DE DOS PLANTAS CON 900m DE PARCELA</button></p>
<p><span class="inicioDescripcion">Te presentamos en exclusiva amplio chalet independiente de dos plantas en la Urbanización Cortijo de Mazas, Málaga. Cuenta con 885 m2 de parcela, vistas parciales al mar y la montaña. Espacioso y agradable jardín con piscina privada.</p>
<p>La vivienda interiormente se encuentra en muy buen estado y se distribuye:</p>
<p>Salón con techo alto, chimenea y aire acondicionado, con acceso a la cocina, y terraza superior con vistas despejadas 360º y un porche con mesa exterior.</p>
<p>La cocina, moderna, es amplia y completamente equipada, con lavavajilla, horno, microondas, vitrocerámica, extractor y nevera. Todo en buen estado y perfecto funcionamiento. Consta de muebles profundos con mucho almacenamiento. Ventana y puerta independiente al exterior y acceso al porche y terraza supe</span><span class="finDescripcion">rior.</p>
<p>En la planta baja nos encontramos hall distribuidor, con 3 dormitorio dobles todos con armarios empotrados y 2 baños completos con plato de ducha, uno de ellos, en-suite y 1 habitación de almacenaje. Todas las habitaciones son exteriores y la principal con acceso directo a la terraza inferior.</p>
<p>La zona exterior:</p>
<p>Hay acceso mediante unas escaleras a un solárium donde se aprecian vistas parciales al mar y vistas a la montaña. Cuenta con 2 accesos el principal y otro por la cocina.</p>
<p>Amplio porche y jardín con diferentes árboles, zona de barbacoa, piscina privada y zona de lavadero. Además 2 garajes cerrados con VADO.</p>
<p>Se trata de una urbanización residencial de nivel alto, en la que se ubican dos Colegios. Próxima a todos los servicios, centros comerciales (Carrefour Los Patios, Corte Inglés Bahía Málaga o Torremolinos), supermercados (como Mercadora, Día, Lidl, etc.), centros de ocio ( Plaza Mayor), aeropuerto, dos campos de golf y por supuesto la playa, todo esto lo podemos encontrar en un radio de tan solo dos kilómetros.</p>
<p>No pierdas la oportunidad de adquirir esta maravillosa propiedad y disfrutar de la comodidad y el confort que te ofrece. ¡Contáctanos para más información!</p>
<p>En cumplimiento con el Decreto de la Junta de Andalucía 218/2005 del 11 de octubre, se informa al cliente que los gastos inherentes a la compra-venta: gastos notariales, registrales e ITP no están incluidos en el precio.</span></p>

<p>CHALET INDEPENDIENTE DE DOS PLANTAS CON 900m DE PARCELA Te presentamos en exclusiva amplio chalet independiente de dos plantas en la Urbanización Cortijo de Mazas, Málaga. Cuenta con 885 m2 de parcela, vistas parciales al mar y la montaña. Espacioso y agradable jardín con piscina privada. La vivienda interiormente se encuentra en muy buen estado [&hellip;]</p>

Málaga

Málaga, Málaga-Costa del Sol, Málaga, Andalucía, España
