{"id":1843,"date":"2024-09-11T12:06:13","date_gmt":"2024-09-11T12:06:13","guid":{"rendered":"https:\/\/clementebeltran.com\/?post_type=property&#038;p=1843"},"modified":"2025-04-24T15:18:30","modified_gmt":"2025-04-24T15:18:30","slug":"estupendo-piso-de-dos-dormitorios-con-plaza-de-garaje","status":"publish","type":"property","link":"https:\/\/clementebeltran.com\/es_es\/propiedad\/estupendo-piso-de-dos-dormitorios-con-plaza-de-garaje\/","title":{"rendered":"ESTUPENDO PISO DE DOS DORMITORIOS CON PLAZA DE GARAJE"},"content":{"rendered":"<p><button class=\"btncopy\" data-clipboard-action=\"copy\" data-clipboard-target=\"#descrippropiedad\" data-tooltip=\"Copia descripci\u00f3n\">ESTUPENDO PISO DE DOS DORMITORIOS CON PLAZA DE GARAJE<\/button><span class=\"inicioDescripcion\">Inmobiliaria International te presenta esta bonita vivienda de dos dormitorios en un precioso residencial con piscina, amplias zonas verdes, zonas infantiles y pistas de deporte&#8230; y s\u00f3lo a un paso del mar. Est\u00e1 ubicada en el Parque Litoral, una de las zonas m\u00e1s bellas de M\u00e1laga. A s\u00f3lo a 10 minutos del Aeropuerto Internacional de la Costa del Sol y bien conectado con el centro y con los principales accesos de la ciudad. No lo dudes y ven a verlo. \u00a1Tu familia te lo agradecer\u00e1!<\/span><\/p>\n<p>Rodeado de todo tipo de servicios que har\u00e1n tu vida m\u00e1s f\u00e1cil y c\u00f3moda: colegios, guarder\u00edas, Conservatorio de M\u00fasica, Hospital Quir\u00f3n, Parque 25 de Noviembre, Palacio de deportes Mart\u00edn Carpena, Estadio Ciudad de M\u00e1laga, Inacua M\u00e1laga, Inacua Centro Raqueta, centro comercial Carrefour, supermercados, co<span class=\"finDescripcion\">mercios, bares y restaurantes,&#8230; y con la playa a s\u00f3lo 700 m.<\/span><\/p>\n<p>Esta vivienda de dos dormitorios cuenta con unas dimensiones de 100m2 construidos y totalmente amueblado y con todos los electrodom\u00e9sticos. Est\u00e1 orientada al Suroeste, hacia el recinto y con vistas a la monta\u00f1a, tiene un enorme sal\u00f3n luminoso con salida a la terraza. Adem\u00e1s cuenta con cocina amueblada con lavadero, 2 dormitorios dobles y 2 ba\u00f1os.<\/p>\n<p>El edificio cuenta con rampa de acceso para personas con movilidad reducida, ascensor, videoportero electr\u00f3nico, amplio recinto ajardinado con piscina y zona infantil, y para los deportistas de la familia, pista de paddle.<\/p>\n<p>Los servicios de luz, agua electricidad y corren a cargo del inquilino y ser\u00e1n domiciliados en su cuenta bancaria.<\/p>\n<p>Se solicitar\u00e1n al inquilino ingresos demostrables.<\/p>\n<p>No pierda esta ocasi\u00f3n y ll\u00e1menos. Estaremos encantados de darles toda la informaci\u00f3n necesaria y de recibirles si quieren visitar la vivienda.<\/p>\n","protected":false},"excerpt":{"rendered":"<p>ESTUPENDO PISO DE DOS DORMITORIOS CON PLAZA DE GARAJEInmobiliaria International te presenta esta bonita vivienda de dos dormitorios en un precioso residencial con piscina, amplias zonas verdes, zonas infantiles y pistas de deporte&#8230; y s\u00f3lo a un paso del mar. Est\u00e1 ubicada en el Parque Litoral, una de las zonas m\u00e1s bellas de M\u00e1laga. A [&hellip;]<\/p>\n","protected":false},"author":3,"featured_media":1844,"parent":0,"menu_order":0,"template":"","property_type":[19],"property_status":[31],"property_feature":[],"property_label":[],"property_country":[65],"property_state":[11],"property_city":[36],"property_area":[75],"class_list":["post-1843","property","type-property","status-publish","has-post-thumbnail","hentry","property_type-piso","property_status-alquiler","property_country-espana","property_state-disponible","property_city-malaga","property_area-parque-litoral"],"property_meta":{"_edit_lock":["1745508315:3"],"_edit_last":["3"],"_thumbnail_id":["1844"],"_wp_page_template":["default"],"fave_property_price":["1300"],"fave_property_size":["100"],"fave_property_bedrooms":["2"],"fave_property_rooms":["3"],"fave_property_bathrooms":["2"],"fave_property_garage":["1"],"fave_property_garage_size":["14"],"fave_property_year":["2005"],"fave_orientacic3b3n":["Oeste"],"fave_zona":["Parque Litoral"],"fave_tipo-de-propiedad":["Piso"],"fave_superficie-c3batil":["95"],"fave_planta":["5"],"fave_ciudad":["M\u00e1laga"],"fave_conservacic3b3n":["Muy buena"],"fave_regimen":["Libre"],"fave_nc2ba-de-plantas":["7"],"fave_property_map":["1"],"fave_property_map_address":["12, Avenida Imperio Argentina, Finca El Pato, Carretera de C\u00e1diz, M\u00e1laga, M\u00e1laga-Costa del Sol, M\u00e1laga, Andaluc\u00eda, 29004, Espa\u00f1a"],"fave_property_location":["36.6822735,-4.4542488,13"],"houzez_geolocation_lat":["36.6822735"],"houzez_geolocation_long":["-4.4542488"],"fave_property_map_street_view":["show"],"fave_property_zip":["29004"],"fave_featured":["1"],"fave_loggedintoview":["0"],"fave_agent_display_option":["author_info"],"fave_prop_homeslider":["no"],"fave_single_top_area":["global"],"fave_single_content_area":["global"],"houzez_manual_expire":["0"],"_houzez_expiration_date_status":["saved"],"houzez_total_property_views":["1474"],"houzez_views_by_date":["a:61:{s:10:\"03-01-2026\";i:3;s:10:\"03-02-2026\";i:3;s:10:\"03-03-2026\";i:16;s:10:\"03-04-2026\";i:1;s:10:\"03-05-2026\";i:2;s:10:\"03-06-2026\";i:5;s:10:\"03-07-2026\";i:4;s:10:\"03-08-2026\";i:2;s:10:\"03-09-2026\";i:5;s:10:\"03-10-2026\";i:3;s:10:\"03-11-2026\";i:3;s:10:\"03-12-2026\";i:6;s:10:\"03-13-2026\";i:4;s:10:\"03-14-2026\";i:12;s:10:\"03-15-2026\";i:5;s:10:\"03-16-2026\";i:2;s:10:\"03-17-2026\";i:3;s:10:\"03-18-2026\";i:2;s:10:\"03-19-2026\";i:2;s:10:\"03-20-2026\";i:5;s:10:\"03-21-2026\";i:5;s:10:\"03-22-2026\";i:4;s:10:\"03-23-2026\";i:1;s:10:\"03-24-2026\";i:10;s:10:\"03-25-2026\";i:10;s:10:\"03-26-2026\";i:6;s:10:\"03-27-2026\";i:3;s:10:\"03-28-2026\";i:5;s:10:\"03-29-2026\";i:12;s:10:\"03-30-2026\";i:5;s:10:\"03-31-2026\";i:3;s:10:\"04-01-2026\";i:2;s:10:\"04-02-2026\";i:1;s:10:\"04-03-2026\";i:6;s:10:\"04-05-2026\";i:1;s:10:\"04-06-2026\";i:2;s:10:\"04-07-2026\";i:4;s:10:\"04-08-2026\";i:4;s:10:\"04-09-2026\";i:2;s:10:\"04-10-2026\";i:8;s:10:\"04-11-2026\";i:4;s:10:\"04-12-2026\";i:2;s:10:\"04-13-2026\";i:3;s:10:\"04-14-2026\";i:3;s:10:\"04-15-2026\";i:2;s:10:\"04-16-2026\";i:8;s:10:\"04-17-2026\";i:6;s:10:\"04-18-2026\";i:5;s:10:\"04-19-2026\";i:7;s:10:\"04-20-2026\";i:3;s:10:\"04-21-2026\";i:6;s:10:\"04-22-2026\";i:4;s:10:\"04-23-2026\";i:2;s:10:\"04-24-2026\";i:4;s:10:\"04-25-2026\";i:4;s:10:\"04-26-2026\";i:4;s:10:\"04-27-2026\";i:6;s:10:\"04-28-2026\";i:3;s:10:\"04-29-2026\";i:3;s:10:\"04-30-2026\";i:5;s:10:\"05-01-2026\";i:5;}"],"houzez_recently_viewed":["2026-05-01 15:02:34"],"_trp_automatically_translated_slug_en_GB":["great-two-bedroom-flat-with-garage-space"],"cmplz_hide_cookiebanner":[""],"fave_terraza":["Si"],"fave_garaje-incluido":["Si"],"fave_parking-incluido":["Si"],"fave_ascensor":["Si"],"fave_property_images":["1844","1845","1846","1847","1848","1849","1850","1851","1852","1853","1854","1855","1856","1857","1858","1859","1860","1861","1862","1863","1864","1865","1866","1867","1868","1869","1870","1871","1872","1873","1874","1875"],"rank_math_internal_links_processed":["1"]},"_links":{"self":[{"href":"https:\/\/clementebeltran.com\/es_es\/wp-json\/wp\/v2\/properties\/1843","targetHints":{"allow":["GET"]}}],"collection":[{"href":"https:\/\/clementebeltran.com\/es_es\/wp-json\/wp\/v2\/properties"}],"about":[{"href":"https:\/\/clementebeltran.com\/es_es\/wp-json\/wp\/v2\/types\/property"}],"author":[{"embeddable":true,"href":"https:\/\/clementebeltran.com\/es_es\/wp-json\/wp\/v2\/users\/3"}],"version-history":[{"count":2,"href":"https:\/\/clementebeltran.com\/es_es\/wp-json\/wp\/v2\/properties\/1843\/revisions"}],"predecessor-version":[{"id":2535,"href":"https:\/\/clementebeltran.com\/es_es\/wp-json\/wp\/v2\/properties\/1843\/revisions\/2535"}],"wp:featuredmedia":[{"embeddable":true,"href":"https:\/\/clementebeltran.com\/es_es\/wp-json\/wp\/v2\/media\/1844"}],"wp:attachment":[{"href":"https:\/\/clementebeltran.com\/es_es\/wp-json\/wp\/v2\/media?parent=1843"}],"wp:term":[{"taxonomy":"property_type","embeddable":true,"href":"https:\/\/clementebeltran.com\/es_es\/wp-json\/wp\/v2\/property_type?post=1843"},{"taxonomy":"property_status","embeddable":true,"href":"https:\/\/clementebeltran.com\/es_es\/wp-json\/wp\/v2\/property_status?post=1843"},{"taxonomy":"property_feature","embeddable":true,"href":"https:\/\/clementebeltran.com\/es_es\/wp-json\/wp\/v2\/property_feature?post=1843"},{"taxonomy":"property_label","embeddable":true,"href":"https:\/\/clementebeltran.com\/es_es\/wp-json\/wp\/v2\/property_label?post=1843"},{"taxonomy":"property_country","embeddable":true,"href":"https:\/\/clementebeltran.com\/es_es\/wp-json\/wp\/v2\/property_country?post=1843"},{"taxonomy":"property_state","embeddable":true,"href":"https:\/\/clementebeltran.com\/es_es\/wp-json\/wp\/v2\/property_state?post=1843"},{"taxonomy":"property_city","embeddable":true,"href":"https:\/\/clementebeltran.com\/es_es\/wp-json\/wp\/v2\/property_city?post=1843"},{"taxonomy":"property_area","embeddable":true,"href":"https:\/\/clementebeltran.com\/es_es\/wp-json\/wp\/v2\/property_area?post=1843"}],"curies":[{"name":"wp","href":"https:\/\/api.w.org\/{rel}","templated":true}]}}

<p><button class="btncopy" data-clipboard-action="copy" data-clipboard-target="#descrippropiedad" data-tooltip="Copia descripción">ESTUPENDO PISO DE DOS DORMITORIOS CON PLAZA DE GARAJE</button><span class="inicioDescripcion">Inmobiliaria International te presenta esta bonita vivienda de dos dormitorios en un precioso residencial con piscina, amplias zonas verdes, zonas infantiles y pistas de deporte&#8230; y sólo a un paso del mar. Está ubicada en el Parque Litoral, una de las zonas más bellas de Málaga. A sólo a 10 minutos del Aeropuerto Internacional de la Costa del Sol y bien conectado con el centro y con los principales accesos de la ciudad. No lo dudes y ven a verlo. ¡Tu familia te lo agradecerá!</span></p>
<p>Rodeado de todo tipo de servicios que harán tu vida más fácil y cómoda: colegios, guarderías, Conservatorio de Música, Hospital Quirón, Parque 25 de Noviembre, Palacio de deportes Martín Carpena, Estadio Ciudad de Málaga, Inacua Málaga, Inacua Centro Raqueta, centro comercial Carrefour, supermercados, co<span class="finDescripcion">mercios, bares y restaurantes,&#8230; y con la playa a sólo 700 m.</span></p>
<p>Esta vivienda de dos dormitorios cuenta con unas dimensiones de 100m2 construidos y totalmente amueblado y con todos los electrodomésticos. Está orientada al Suroeste, hacia el recinto y con vistas a la montaña, tiene un enorme salón luminoso con salida a la terraza. Además cuenta con cocina amueblada con lavadero, 2 dormitorios dobles y 2 baños.</p>
<p>El edificio cuenta con rampa de acceso para personas con movilidad reducida, ascensor, videoportero electrónico, amplio recinto ajardinado con piscina y zona infantil, y para los deportistas de la familia, pista de paddle.</p>
<p>Los servicios de luz, agua electricidad y corren a cargo del inquilino y serán domiciliados en su cuenta bancaria.</p>
<p>Se solicitarán al inquilino ingresos demostrables.</p>
<p>No pierda esta ocasión y llámenos. Estaremos encantados de darles toda la información necesaria y de recibirles si quieren visitar la vivienda.</p>

<p>ESTUPENDO PISO DE DOS DORMITORIOS CON PLAZA DE GARAJEInmobiliaria International te presenta esta bonita vivienda de dos dormitorios en un precioso residencial con piscina, amplias zonas verdes, zonas infantiles y pistas de deporte&#8230; y sólo a un paso del mar. Está ubicada en el Parque Litoral, una de las zonas más bellas de Málaga. A [&hellip;]</p>

Málaga

12, Avenida Imperio Argentina, Finca El Pato, Carretera de Cádiz, Málaga, Málaga-Costa del Sol, Málaga, Andalucía, 29004, España
