{"id":2221,"date":"2024-10-30T14:53:30","date_gmt":"2024-10-30T14:53:30","guid":{"rendered":"https:\/\/clementebeltran.com\/?post_type=property&#038;p=2221"},"modified":"2025-04-24T15:30:44","modified_gmt":"2025-04-24T15:30:44","slug":"idilia-sonne-es-una-promocion-exclusiva-que-se-alza-con-la-mirada-al-sol-al-goce-del-clima-y-al-disfrute-de-sus-terrazas-con-vistas-al-mar","status":"publish","type":"property","link":"https:\/\/clementebeltran.com\/en\/propiedad\/idilia-sonne-is-an-exclusive-development-that-looks-to-the-sun-to-the-enjoyment-of-the-climate-and-to-the-enjoyment-of-its-terraces-overlooking-the-sea\/","title":{"rendered":"Idilia Sonne is an exclusive development that looks to the sun, to the enjoyment of the climate and to the enjoyment of its terraces overlooking the sea."},"content":{"rendered":"<p><strong>Idilia Sonne is an exclusive development that looks to the sun, to the enjoyment of the climate and to the enjoyment of its terraces overlooking the sea.<\/strong><\/p>\n<p>A total of 27 south and south-west facing homes with 2 and 3 bedrooms, terraces with unbeatable views, garage and storage room for your maximum comfort, your new home also has a swimming pool and landscaped areas, and well-kept communal areas in which to unwind and relax. Living under the vibrant Mediterranean sun in a house designed with everything you have always dreamed of is possible.<\/p>\n<p>The Idilia Sonne homes are equipped with:<br \/>\n- Large terraces with sea views on the main fa\u00e7ade.<br \/>\n- Living-dining room with open kitchen.<br \/>\n- The properties located on the top floors have a solarium and private staircases of<br \/>\naccess.<\/p>","protected":false},"excerpt":{"rendered":"<p>Idilia Sonne es una promoci\u00f3n exclusiva que se alza con la mirada al sol, al goce del clima y al disfrute de sus terrazas con vistas al mar. Un total de 27 viviendas de orientaci\u00f3n sur y suroeste con 2 y 3 dormitorios, terrazas con vistas inmejorables, garaje y trastero para tu m\u00e1xima comodidad.Adem\u00e1s, tu [&hellip;]<\/p>","protected":false},"author":3,"featured_media":2234,"parent":0,"menu_order":0,"template":"","property_type":[19],"property_status":[32],"property_feature":[47,48,49,50,51,52,54,57,58,45,60,61,62,64,43,46],"property_label":[105,83,82,106,88,81,84,104,100,110,102],"property_country":[65],"property_state":[109],"property_city":[37],"property_area":[],"class_list":["post-2221","property","type-property","status-publish","has-post-thumbnail","hentry","property_type-piso","property_status-nueva-promocion","property_feature-aire-acond-cent","property_feature-armarios-empotrados","property_feature-ascensor","property_feature-barbacoa","property_feature-bomba-frio-calor","property_feature-calefaccion","property_feature-gimnasio","property_feature-luminoso","property_feature-mirador","property_feature-parking","property_feature-pergola","property_feature-piscina-comunitaria","property_feature-puerta-blindada","property_feature-solarium-2","property_feature-terraza","property_feature-trastero","property_label-chill-out","property_label-inversion","property_label-malaga","property_label-multideporte","property_label-patio","property_label-piso","property_label-precio","property_label-terraza","property_label-trastero","property_label-vistas-al-mar","property_label-zonas-verdes","property_country-espana","property_state-en-construccion","property_city-rincon-de-la-victoria"],"property_meta":{"_edit_lock":["1745508957:3"],"_edit_last":["3"],"_thumbnail_id":["2234"],"_wp_page_template":["default"],"fave_property_price":["550000"],"fave_property_bedrooms":["2,3"],"fave_property_garage":["1"],"fave_property_year":["2025"],"fave_nc2ba-de-plantas":["4"],"fave_property_map":["1"],"fave_property_map_address":["Calle Mi\u00f1o, Los Jaralez, Torre de Benagalb\u00f3n, Rinc\u00f3n de la Victoria, La Axarqu\u00eda, M\u00e1laga, Andaluc\u00eda, 29738, Espa\u00f1a"],"fave_property_location":["36.717073,-4.262089,12"],"houzez_geolocation_lat":["36.717073"],"houzez_geolocation_long":["-4.262089"],"fave_property_map_street_view":["show"],"fave_property_address":["Calle Mi\u00f1o"],"fave_property_zip":["29730"],"fave_featured":["1"],"fave_loggedintoview":["0"],"fave_agent_display_option":["author_info"],"fave_prop_homeslider":["no"],"fave_single_top_area":["global"],"fave_single_content_area":["global"],"houzez_manual_expire":["0"],"_houzez_expiration_date_status":["saved"],"houzez_total_property_views":["1210"],"houzez_views_by_date":["a:61:{s:10:\"02-27-2026\";i:4;s:10:\"02-28-2026\";i:2;s:10:\"03-01-2026\";i:3;s:10:\"03-02-2026\";i:3;s:10:\"03-03-2026\";i:20;s:10:\"03-04-2026\";i:2;s:10:\"03-05-2026\";i:2;s:10:\"03-06-2026\";i:3;s:10:\"03-07-2026\";i:2;s:10:\"03-08-2026\";i:1;s:10:\"03-09-2026\";i:4;s:10:\"03-11-2026\";i:3;s:10:\"03-12-2026\";i:3;s:10:\"03-13-2026\";i:1;s:10:\"03-14-2026\";i:7;s:10:\"03-15-2026\";i:2;s:10:\"03-16-2026\";i:5;s:10:\"03-17-2026\";i:1;s:10:\"03-18-2026\";i:1;s:10:\"03-19-2026\";i:1;s:10:\"03-20-2026\";i:2;s:10:\"03-21-2026\";i:5;s:10:\"03-22-2026\";i:3;s:10:\"03-23-2026\";i:13;s:10:\"03-24-2026\";i:5;s:10:\"03-25-2026\";i:7;s:10:\"03-26-2026\";i:5;s:10:\"03-27-2026\";i:2;s:10:\"03-28-2026\";i:4;s:10:\"03-29-2026\";i:6;s:10:\"03-30-2026\";i:5;s:10:\"03-31-2026\";i:5;s:10:\"04-01-2026\";i:6;s:10:\"04-02-2026\";i:3;s:10:\"04-03-2026\";i:3;s:10:\"04-05-2026\";i:1;s:10:\"04-06-2026\";i:1;s:10:\"04-07-2026\";i:3;s:10:\"04-08-2026\";i:1;s:10:\"04-10-2026\";i:1;s:10:\"04-11-2026\";i:7;s:10:\"04-12-2026\";i:2;s:10:\"04-13-2026\";i:6;s:10:\"04-14-2026\";i:1;s:10:\"04-15-2026\";i:3;s:10:\"04-16-2026\";i:4;s:10:\"04-17-2026\";i:5;s:10:\"04-18-2026\";i:2;s:10:\"04-19-2026\";i:3;s:10:\"04-20-2026\";i:4;s:10:\"04-21-2026\";i:5;s:10:\"04-22-2026\";i:5;s:10:\"04-23-2026\";i:4;s:10:\"04-24-2026\";i:2;s:10:\"04-25-2026\";i:3;s:10:\"04-26-2026\";i:3;s:10:\"04-27-2026\";i:5;s:10:\"04-28-2026\";i:4;s:10:\"04-29-2026\";i:5;s:10:\"04-30-2026\";i:2;s:10:\"05-01-2026\";i:1;}"],"houzez_recently_viewed":["2026-05-01 00:16:06"],"_trp_automatically_translated_slug_en_GB":["idilia-sonne-is-an-exclusive-development-that-looks-to-the-sun-to-the-enjoyment-of-the-climate-and-to-the-enjoyment-of-its-terraces-overlooking-the-sea"],"cmplz_hide_cookiebanner":[""],"fave_terraza":["Si"],"fave_garaje-incluido":["Si"],"fave_parking-incluido":["Si"],"fave_ascensor":["Si"],"fave_gastos-de-comunidad":["Si"],"fave_property_images":["2222","2223","2224","2225","2226","2227","2228","2229","2230","2231","2232","2233","2234","2235"],"rank_math_internal_links_processed":["1"]},"_links":{"self":[{"href":"https:\/\/clementebeltran.com\/en\/wp-json\/wp\/v2\/properties\/2221","targetHints":{"allow":["GET"]}}],"collection":[{"href":"https:\/\/clementebeltran.com\/en\/wp-json\/wp\/v2\/properties"}],"about":[{"href":"https:\/\/clementebeltran.com\/en\/wp-json\/wp\/v2\/types\/property"}],"author":[{"embeddable":true,"href":"https:\/\/clementebeltran.com\/en\/wp-json\/wp\/v2\/users\/3"}],"version-history":[{"count":1,"href":"https:\/\/clementebeltran.com\/en\/wp-json\/wp\/v2\/properties\/2221\/revisions"}],"predecessor-version":[{"id":2236,"href":"https:\/\/clementebeltran.com\/en\/wp-json\/wp\/v2\/properties\/2221\/revisions\/2236"}],"wp:featuredmedia":[{"embeddable":true,"href":"https:\/\/clementebeltran.com\/en\/wp-json\/wp\/v2\/media\/2234"}],"wp:attachment":[{"href":"https:\/\/clementebeltran.com\/en\/wp-json\/wp\/v2\/media?parent=2221"}],"wp:term":[{"taxonomy":"property_type","embeddable":true,"href":"https:\/\/clementebeltran.com\/en\/wp-json\/wp\/v2\/property_type?post=2221"},{"taxonomy":"property_status","embeddable":true,"href":"https:\/\/clementebeltran.com\/en\/wp-json\/wp\/v2\/property_status?post=2221"},{"taxonomy":"property_feature","embeddable":true,"href":"https:\/\/clementebeltran.com\/en\/wp-json\/wp\/v2\/property_feature?post=2221"},{"taxonomy":"property_label","embeddable":true,"href":"https:\/\/clementebeltran.com\/en\/wp-json\/wp\/v2\/property_label?post=2221"},{"taxonomy":"property_country","embeddable":true,"href":"https:\/\/clementebeltran.com\/en\/wp-json\/wp\/v2\/property_country?post=2221"},{"taxonomy":"property_state","embeddable":true,"href":"https:\/\/clementebeltran.com\/en\/wp-json\/wp\/v2\/property_state?post=2221"},{"taxonomy":"property_city","embeddable":true,"href":"https:\/\/clementebeltran.com\/en\/wp-json\/wp\/v2\/property_city?post=2221"},{"taxonomy":"property_area","embeddable":true,"href":"https:\/\/clementebeltran.com\/en\/wp-json\/wp\/v2\/property_area?post=2221"}],"curies":[{"name":"wp","href":"https:\/\/api.w.org\/{rel}","templated":true}]}}

<p><strong>Idilia Sonne is an exclusive development that looks to the sun, to the enjoyment of the climate and to the enjoyment of its terraces overlooking the sea.</strong></p>
<p>A total of 27 south and south-west facing homes with 2 and 3 bedrooms, terraces with unbeatable views, garage and storage room for your maximum comfort, your new home also has a swimming pool and landscaped areas, and well-kept communal areas in which to unwind and relax. Living under the vibrant Mediterranean sun in a house designed with everything you have always dreamed of is possible.</p>
<p>The Idilia Sonne homes are equipped with:<br />
- Large terraces with sea views on the main façade.<br />
- Living-dining room with open kitchen.<br />
- The properties located on the top floors have a solarium and private staircases of<br />
access.</p>

<p>Idilia Sonne es una promoción exclusiva que se alza con la mirada al sol, al goce del clima y al disfrute de sus terrazas con vistas al mar. Un total de 27 viviendas de orientación sur y suroeste con 2 y 3 dormitorios, terrazas con vistas inmejorables, garaje y trastero para tu máxima comodidad.Además, tu [&hellip;]</p>

Calle Miño, Los Jaralez, Torre de Benagalbón, Rincón de la Victoria, La Axarquía, Málaga, Andalucía, 29738, España

Calle Miño
